4) + a - 3. What are the prime factors of 15/(s - 16/(-4))?
3, 5
What are the prime factors of (-1230)/(-3) - 3 - -6?
7, 59
Let z(j) = 2*j**2 + 10*j - 23. Let s be z(7). List the prime factors of ((4 + -1)*-1 - -4) + s.
2, 73
Let g = -8391 - -13330. List the prime factors of g.
11, 449
Let l = 15 + -10. Suppose -n = b + 3, 4*b = n - 2 + l. Suppose g + f = -3*f + 23, b = -4*f. List the prime factors of g.
23
Suppose 224*m = 258*m - 1938. Let u be (-2)/(-5) - (-846)/10. Let w = u - m. List the prime factors of w.
2, 7
Suppose -5*z = 5*u - 0*z - 5, -2*z = -5*u + 33. Suppose 0*q + 428 = 4*q - u*c, q - 4*c = 118. What are the prime factors of q?
2, 3, 17
Suppose 4*s + 3*p = 10, -5*s = 4*p + p - 10. Suppose -3*v + s*c + 366 = 0, 0*v + 133 = v - 5*c. List the prime factors of v.
2, 59
Suppose 0 = 229*z - 228*z - 383. List the prime factors of z.
383
Suppose -7741 = -3*a - 4*i, -5*a = 28*i - 23*i - 12900. List the prime factors of a.
2579
Let z(i) = 2*i**2 + 12*i - 3. Let m(h) = h**2 - h - 1. Let d(t) = 2*m(t) + z(t). What are the prime factors of d(-6)?
79
Let x(f) be the first derivative of f**4/4 + 8*f**3/3 + 5*f**2 + 11*f - 27. What are the prime factors of x(-6)?
23
Suppose -3*i = 4*z - 1636, 2*z + 1612 = 6*z - 3*i. List the prime factors of z.
2, 7, 29
Let a be -421 - 16/((-8)/(-2)). Let j = 616 + a. List the prime factors of j.
191
Let o(b) = -b**2 - b - 32. Let f be o(0). Let d be (-3)/((-4)/f*-6). Suppose 2*x - 10 = -4*h, 0 = d*x - 5*h - 40 - 6. List the prime factors of x.
3
Suppose 4*z - 149 = -3*w + 1226, 0 = -4*z - 8. What are the prime factors of w?
461
Let t = 758 + 514. List the prime factors of t.
2, 3, 53
Suppose -5*d + 20 = 0, -3582 = -5*g + 17*d - 15*d. List the prime factors of g.
2, 359
Let h(p) be the second derivative of p**5/20 - 11*p**4/12 + 7*p**3/3 - 11*p**2/2 - 7*p. Let s be h(10). Let q = 104 - s. What are the prime factors of q?
3, 5
Let n = 160 - 158. List the prime factors of n.
2
Let z be ((-30)/(-8))/((-15)/40). What are the prime factors of z/45 + 2830/18?
157
Let t(p) = 145*p - 215. What are the prime factors of t(26)?
3, 5, 79
Suppose -3*f + 9 = -0. Suppose 159 = f*d - 117. List the prime factors of d.
2, 23
Suppose 3495 = 6*t - 10671. List the prime factors of t.
3, 787
Let h = 1672 + -32. What are the prime factors of -4 - (4/6 + h/(-12))?
2, 3, 11
Suppose -2*p - 22 = 2*x, -5*p - 4 = 6. Let w = x - -11. Suppose -w*j = b - 11 - 9, -4*b = 5*j - 92. List the prime factors of b.
2, 7
What are the prime factors of 426/4*(-18 - -20)?
3, 71
Let p(b) = b**3 + 6*b**2 - b - 4. Suppose -4*q = -8*q - 24. Let n be p(q). Suppose -n = -2*m + 2. List the prime factors of m.
2
Suppose 0 = -20*q - 1231 + 10351. What are the prime factors of q?
2, 3, 19
Suppose 3*q + 34 = 169. Suppose -5*g + 63 = 4*u, 3*u - 4*g = -7*g + q. What are the prime factors of u?
2, 3
Let v(p) = 1058*p - 63. List the prime factors of v(5).
5227
Let o = 12227 - 8665. What are the prime factors of o?
2, 13, 137
Let q be 2/(-8) - (-318)/24. Suppose -9*l - 28 = -q*l. Suppose -92 + 15 = -l*o. List the prime factors of o.
11
Suppose 3*g + 209 = 4*b, 4*b = -4*g - 171 - 117. Let u = 7 - g. List the prime factors of u.
2, 3, 13
Let v be 2 - 9/((-27)/1212). Suppose -4*n + k = -3*n - 103, 4*n = k + v. List the prime factors of n.
101
Suppose -3*p - 4 + 2 = 5*l, 14 = 5*l - p. Suppose 2*n - 275 = -c, -2*c - l*n = n - 547. What are the prime factors of c?
269
Suppose 2*t + t = -5*o + 3612, 4*t = o - 704. What are the prime factors of o?
2, 3, 5
Let t be (-2 + 1)/((-4)/12). Let k be (-1)/(-2 + t/2). Suppose -k*z + 45 = -1. List the prime factors of z.
23
What are the prime factors of 11/((-88)/(-16256)) - -9?
13, 157
Suppose -l - l = 0. Suppose -5*o = k - 63, 2*o + 3*k - 33 = -l*k. List the prime factors of (20/(-6))/((-8)/o).
5
Let k = 3 - 1. Suppose 0 = -40*p + 43*p + 15, 0 = -4*o + 3*p + 363. Suppose -k = 5*g - o. List the prime factors of g.
17
Let k = -43 + 44. List the prime factors of (k*-13)/(12/(-84)).
7, 13
Suppose l + 2 = 4*j, 0*j + 1 = j. Let v be (-2)/2*l/1. Let d = v - -11. What are the prime factors of d?
3
Let z(i) = -132*i - 4. List the prime factors of z(-4).
2, 131
Let z(l) = -6*l**3 + 16*l**2 + 69*l + 2. List the prime factors of z(-4).
2, 3, 61
Let m(d) = -37*d - 1. Let k be (-13)/(-52) + 3/4. Let h be m(k). Let y = h + 66. List the prime factors of y.
2, 7
Suppose -3*v - 5*y - 13 = 0, 5*v + y - 15 = -0*v. Suppose 30 = v*o - 26. Suppose 3*r - o = 2*f, -9 = -5*r + 4*f + 17. List the prime factors of r.
2
Suppose 4*p + r = 5*r + 12, 0 = -2*p + r + 5. Let i = 1 + 1. Suppose 0 = i*l + 2*k + p*k - 92, -l - k + 49 = 0. What are the prime factors of l?
2, 13
Let p(w) = -2*w. Let f be p(-1). Suppose 2*m + 19 - 97 = -f*a, 4*m + 110 = 3*a. What are the prime factors of a?
2, 19
Let h(n) = -n**3 - 11*n**2 - 53*n - 21. List the prime factors of h(-13).
2, 503
Suppose 28*z + 9225 = 31*z. List the prime factors of z.
3, 5, 41
Suppose 0 = -0*d + 4*d. Suppose -651 = -5*o - z - d*z, -5*o - 4*z + 639 = 0. List the prime factors of o.
131
Suppose 0 = -5*n + n + 836. Let d = n - 66. What are the prime factors of d?
11, 13
Suppose -3*t - 4*r = -19, t + 0*r + 7 = 2*r. Let s(d) = 21*d. Let a be s(t). Let f = 38 - a. List the prime factors of f.
17
Suppose 28*r - 40*r = -12552. List the prime factors of r.
2, 523
List the prime factors of -1*(-2 + 0) - -20.
2, 11
Let v(m) = m**2 - 9*m - 7. Suppose 0 = 5*u + 12 - 62. Let c be v(u). Suppose c*s - 14 = 10. What are the prime factors of s?
2
Let l(d) = 2*d**3 - 4*d**2 + 3*d + 1. Suppose -5*p + 28 = -o + 5, -4*p + 20 = 0. Let k be l(o). Suppose k*i - 115 = 2*i. What are the prime factors of i?
23
Suppose 2*f - 1804 = 4*i - 5466, -2*f - 2745 = -3*i. What are the prime factors of i?
7, 131
List the prime factors of 1/(-3) - (7 - 5176/12).
2, 53
Let w(t) = -t**2 - 9*t + 18. Let b be w(-9). Suppose -5*l = 4*f - b, -3*l = 4*f - 6*f - 24. What are the prime factors of l?
2, 3
Suppose -221 = -13*l + 12*l. What are the prime factors of l?
13, 17
Let n(u) = u**2 + u + 6. Let p be 372/(-16) + (-2)/(-8). Let j = 23 + p. What are the prime factors of n(j)?
2, 3
Let s be (5*2/20)/((-1)/(-94)). What are the prime factors of 0/(-2) + s + (17 - 15)?
7
Let l = 528 - 750. What are the prime factors of (l/8)/((4 - -2)/(-24))?
3, 37
Let t(q) = 8*q - 23*q + 1 - 10*q. Let b = -22 + 21. List the prime factors of t(b).
2, 13
Let q = 5 - 0. Suppose 3 = f, q*f - 166 = -5*w + 64. List the prime factors of w.
43
Let t be 0 + -4 + 0*(-1)/2. List the prime factors of (36/t)/3 + 26*9.
3, 7, 11
Let y(l) = l**3 - 29*l**2 + 24*l + 92. List the prime factors of y(29).
2, 197
Let q = 125 - 62. Suppose 0*j + 142 = -5*w + 2*j, w + 5*j = -23. Let g = w + q. List the prime factors of g.
5, 7
Let s(h) = 4*h**2 + 10*h - 26. Let q = 101 - 94. List the prime factors of s(q).
2, 3, 5
Let h = 1400 - 270. List the prime factors of h.
2, 5, 113
Let n(g) be the first derivative of 1/4*g**4 + 3/2*g**2 - 2*g - 13 - 5/3*g**3. List the prime factors of n(6).
2, 13
Suppose 2*g = -5*v + 879, -573 = -5*g + 2*v + 1697. List the prime factors of g.
2, 113
Suppose 5*l = -3*d + 1942, -2*d = -l - 840 - 433. What are the prime factors of d?
3, 71
Let g(l) = l**2 - 4*l - 9. Let j be g(6). Suppose 4*h - j*h + 1 = 0. Let k(i) = -29*i + 1. What are the prime factors of k(h)?
2, 3, 5
Suppose i + 2*m - 13 = 27, 3*i - 2*m - 128 = 0. Let h = i + -20. What are the prime factors of h?
2, 11
Let q(d) = -6*d + 7*d + 17*d + 32*d. Let g be q(2). Suppose 0 = -8*y + 10*y - g. List the prime factors of y.
2, 5
Let d(q) = 2*q**2 + 2*q - 8. Let t be 8/(-2)*297/108. List the prime factors of d(t).
2, 53
Let r = 108 + -108. Suppose 228 = 2*x - r*x. What are the prime factors of x?
2, 3, 19
Let u(i) = i + 1. Let z(h) = -17*h - 9. Let a(x) = -5*u(x) + z(x). Let s be a(-5). Suppose -8*n + s = -6*n. List the prime factors of n.
2, 3
Suppose -30 = -6*f - 4*f. Suppose -4*x + 25 = f*m - 18, 0 = -5*m - 5*x + 70. List the prime factors of m.
13
Let d(i) = 2*i - 7. Let s be ((-20)/(-8))/(2/4). Let z be d(s). Suppose 0 = -z*t - t + 76. What are the prime factors of t?
19
Suppose 3*w - 1658 = -461. List the prime factors of w.
3, 7, 19
Let s = 26 + -42. Let z = s - -36. What are the prime factors of (-9)/(-15) + 508